he highest common factor of 368 and 16?
16
Calculate the greatest common divisor of 890 and 147710.
10
What is the greatest common factor of 452 and 1756?
4
What is the greatest common factor of 7290 and 5850?
90
Calculate the greatest common factor of 32744 and 40.
8
What is the greatest common factor of 23 and 2819708?
23
Calculate the greatest common divisor of 374 and 181577.
187
Calculate the greatest common factor of 552 and 31896.
24
What is the highest common divisor of 692375 and 25?
25
Calculate the greatest common factor of 26158 and 5494.
82
Calculate the highest common divisor of 33 and 2040665.
11
Calculate the greatest common factor of 420 and 377335.
35
Calculate the greatest common factor of 2889465 and 15.
15
What is the highest common factor of 1702 and 115?
23
What is the greatest common factor of 116361 and 63?
63
What is the highest common divisor of 211128 and 6?
6
Calculate the greatest common factor of 206367 and 63.
21
What is the greatest common factor of 36820 and 791?
7
What is the greatest common factor of 53 and 14098?
53
What is the highest common divisor of 318185 and 35?
35
What is the greatest common divisor of 1240492 and 8388?
932
Calculate the greatest common factor of 3589 and 185.
37
Calculate the greatest common factor of 5005 and 5629.
13
Calculate the greatest common factor of 36053 and 51172.
1163
Calculate the greatest common factor of 14 and 748510.
14
What is the greatest common factor of 3722665 and 46?
23
Calculate the greatest common divisor of 89 and 1078591.
89
What is the highest common factor of 49473 and 598?
23
What is the greatest common divisor of 38520 and 1391?
107
What is the greatest common factor of 88438 and 161?
7
What is the highest common divisor of 318 and 54?
6
Calculate the greatest common divisor of 72 and 86382.
18
Calculate the greatest common divisor of 155681 and 151.
151
Calculate the greatest common factor of 1078620 and 360.
60
Calculate the greatest common divisor of 882 and 8352.
18
What is the highest common divisor of 258 and 286?
2
What is the highest common divisor of 60570 and 810?
90
Calculate the greatest common factor of 126 and 45234.
126
What is the greatest common factor of 240 and 77136?
48
What is the greatest common factor of 22 and 42878?
22
Calculate the greatest common divisor of 36 and 18120.
12
What is the greatest common divisor of 43993 and 98716?
1073
What is the highest common factor of 5523 and 6552?
21
Calculate the greatest common factor of 4825 and 21037.
193
Calculate the highest common factor of 544 and 231552.
32
What is the greatest common divisor of 1026 and 32452?
38
Calculate the greatest common factor of 1573 and 455.
13
What is the highest common divisor of 52353 and 54?
27
Calculate the highest common factor of 379122 and 19062.
2118
Calculate the greatest common divisor of 2032 and 7366.
254
Calculate the highest common divisor of 20221 and 36841.
277
Calculate the greatest common factor of 20155 and 4309.
139
Calculate the greatest common divisor of 25800 and 50568.
1032
What is the highest common divisor of 43540 and 35?
35
Calculate the greatest common factor of 476922 and 4848.
606
Calculate the highest common divisor of 2646 and 4590.
54
What is the greatest common factor of 40 and 372340?
20
What is the greatest common factor of 1133 and 3282301?
1133
Calculate the greatest common factor of 27 and 60849.
9
Calculate the greatest common factor of 39935 and 18480.
35
What is the highest common factor of 61 and 358741?
61
What is the greatest common factor of 606208 and 444?
148
Calculate the greatest common divisor of 22703 and 6059.
73
What is the highest common divisor of 21 and 17178?
21
What is the greatest common factor of 2966 and 3338233?
1483
What is the highest common factor of 490 and 11858?
98
Calculate the greatest common factor of 1458282 and 105.
21
What is the greatest common divisor of 229212 and 36?
36
What is the greatest common factor of 26200 and 5764?
524
What is the highest common factor of 10736 and 1056825?
671
Calculate the greatest common factor of 14 and 67347.
7
Calculate the greatest common factor of 14 and 223699.
7
What is the greatest common divisor of 630 and 574210?
70
What is the greatest common divisor of 783 and 2639?
29
Calculate the highest common factor of 511288 and 1264.
632
What is the highest common divisor of 187 and 4675?
187
What is the greatest common divisor of 34047 and 13104?
117
Calculate the highest common factor of 16945 and 790.
5
Calculate the highest common divisor of 141100 and 2656.
332
Calculate the greatest common factor of 1456 and 325.
13
Calculate the highest common divisor of 4122 and 96638.
458
What is the greatest common factor of 8 and 1361576?
8
What is the highest common factor of 148680 and 4307?
59
Calculate the greatest common divisor of 665 and 54055.
95
What is the highest common divisor of 68 and 112064?
68
Calculate the highest common divisor of 1301094 and 258.
258
What is the highest common factor of 494 and 493831?
13
Calculate the greatest common divisor of 21244 and 1316.
188
Calculate the highest common factor of 25264 and 592.
16
Calculate the highest common divisor of 1235783 and 3845.
769
Calculate the highest common factor of 44 and 5588.
44
Calculate the highest common factor of 5608349 and 3034.
1517
Calculate the greatest common factor of 828 and 46179.
9
What is the greatest common factor of 14299 and 41001?
79
What is the highest common factor of 96 and 1676592?
48
Calculate the highest common factor of 61695 and 108.
27
Calculate the highest common factor of 1265433 and 12339.
1371
What is the greatest common factor of 26556 and 13788?
12
Calculate the greatest common divisor of 15 and 89715.
15
What is the highest common divisor of 1359 and 1257?
3
Calculate the greatest common divisor of 31368 and 144.
24
What is the greatest common factor of 77592 and 53?
53
Calculate the greatest common factor of 28 and 3353.
7
What is the greatest common factor of 10 and 244?
2
What is the highest common divisor of 375 and 1095125?
125
What is the greatest common factor of 85 and 733465?
85
Calculate the highest common factor of 22 and 362032.
22
Calculate the highest common divisor of 21465 and 3551.
53
Calculate the greatest common factor of 1080014 and 104.
26
Calculate the highest common divisor of 914836 and 156.
52
Calculate the highest common factor of 8874 and 22446.
522
Calculate the greatest common divisor of 15987 and 8541.
219
Calculate the highest common divisor of 612 and 1107261.
153
What is the highest common divisor of 63 and 1747851?
21
Calculate the highest common divisor of 969213 and 21.
21
What is the highest common factor of 67 and 105391?
67
Calculate the greatest common divisor of 40370 and 220.
110
Calculate the greatest common factor of 13122 and 20169.
243
What is the greatest common factor of 204 and 909?
3
What is the greatest common factor of 1016 and 2413?
127
Calculate the greatest common factor of 21 and 15169.
7
What is the greatest common divisor of 845 and 2453035?
845
What is the highest common factor of 413088 and 30452?
1324
Calculate the highest common factor of 2226 and 336.
42
Calculate the greatest common factor of 73352 and 13148.
692
What is the greatest common factor of 134 and 13467?
67
Calculate the greatest common divisor of 14677 and 26.
13
What is the greatest common factor of 990 and 199815?
165
What is the greatest common factor of 214410 and 60?
30
What is the highest common factor of 3267942 and 302?
302
What is the greatest common divisor of 11 and 50171?
11
What is the greatest common divisor of 324504 and 900?
36
What is the highest common divisor of 52511 and 4?
1
What is the greatest common divisor of 193 and 1600549?
193
Calculate the greatest common divisor of 336 and 12159.
21
What is the highest common divisor of 12 and 8862696?
12
Calculate the greatest common divisor of 189 and 477.
9
What is the greatest common divisor of 12218 and 17284?
298
Calculate the greatest common divisor of 329 and 354004.
329
What is the highest common divisor of 37 and 49543?
37
What is the greatest common factor of 15777460 and 20?
20
What is the greatest common factor of 132 and 9141?
33
Calcu